411129 a composite number?
False
Is 3009521149 a prime number?
True
Is 37635287917 prime?
False
Is 57428083847 composite?
False
Is 1425919273 composite?
True
Is 65054947033 composite?
False
Is 2330263979 a prime number?
True
Is 1862548861 composite?
True
Is 2029794427 prime?
True
Is 76711603 composite?
True
Is 1637066449 a composite number?
True
Is 2859142579 composite?
False
Is 19045619053 a composite number?
True
Is 56094775699 prime?
False
Is 345753047 a prime number?
True
Is 26669291 a prime number?
False
Is 338887889 composite?
False
Is 2439364867 composite?
True
Is 20318900509 prime?
False
Is 6559358027 a prime number?
True
Is 263656663 a prime number?
False
Is 670723973 prime?
False
Is 10408079257 a prime number?
False
Is 13779094467 composite?
True
Is 680491933 a composite number?
True
Is 791681647 a composite number?
True
Is 26487567851 prime?
False
Is 1647708355 composite?
True
Is 45316305739 a composite number?
False
Is 245756859 a composite number?
True
Is 1885897883 composite?
False
Is 22726298723 composite?
True
Is 1015670281 a composite number?
True
Is 11309229059 a prime number?
True
Is 168538387 a composite number?
False
Is 40638410989 a composite number?
True
Is 890344361 prime?
True
Is 60205927957 a composite number?
True
Is 1162413311 a composite number?
False
Is 226652473 a composite number?
True
Is 253283570479 a prime number?
False
Is 35193841181 a composite number?
False
Is 306703183 a composite number?
True
Is 819929739 a prime number?
False
Is 537932653 prime?
False
Is 26960726489 a prime number?
False
Is 791967799 a prime number?
False
Is 1387079891 prime?
True
Is 70340227 a composite number?
False
Is 2543170313 a composite number?
False
Is 4058580847 a prime number?
False
Is 6192479719 prime?
False
Is 3440240509 composite?
True
Is 4152336434 composite?
True
Is 16435461551 a prime number?
False
Is 11780454901 a prime number?
False
Is 13305016267 composite?
False
Is 561475529 a prime number?
False
Is 11009356951 composite?
True
Is 14244287 a prime number?
True
Is 68265017 prime?
False
Is 20932892293 a composite number?
True
Is 140904317 a prime number?
True
Is 1385493071 a prime number?
True
Is 213841127 a composite number?
False
Is 202939319717 a prime number?
True
Is 31563366361 prime?
True
Is 8399315723 prime?
False
Is 3115486331 a composite number?
False
Is 1200587347 a prime number?
True
Is 2062943873 a prime number?
True
Is 372227771 composite?
True
Is 32273136391 a composite number?
False
Is 13991763869 a prime number?
False
Is 32295793 a composite number?
False
Is 379556533 a prime number?
False
Is 3054085637 prime?
False
Is 3656303857 prime?
True
Is 4759372249 a prime number?
True
Is 104633495465 prime?
False
Is 22590581077 a prime number?
True
Is 10709325422 composite?
True
Is 17321513311 a composite number?
False
Is 740617453 a composite number?
False
Is 2537846719 composite?
True
Is 1658623559 a composite number?
False
Is 35163053879 prime?
True
Is 3128017667 a composite number?
False
Is 3603797279 a composite number?
True
Is 3797983642 a prime number?
False
Is 4737556633 a composite number?
True
Is 816583751 a composite number?
False
Is 164656601 a composite number?
True
Is 15430762471 a composite number?
False
Is 271599817 a prime number?
True
Is 211918847 a composite number?
True
Is 19095494009 composite?
True
Is 74742653197 a composite number?
False
Is 64450374355 a prime number?
False
Is 6709252219 composite?
False
Is 5478831403 composite?
True
Is 260785647487 composite?
True
Is 1018711189 composite?
True
Is 93373492363 composite?
True
Is 2558048671 a prime number?
False
Is 46758043705 a composite number?
True
Is 33188468009 a composite number?
False
Is 33631336441 a composite number?
True
Is 112780933 prime?
True
Is 75870055189 a composite number?
False
Is 39761824537 composite?
False
Is 95852447 a composite number?
True
Is 4580171527 a prime number?
True
Is 623169733 prime?
False
Is 1905611849 composite?
True
Is 359109181 a prime number?
False
Is 1524730967 a composite number?
True
Is 1725660715 prime?
False
Is 2048830717 prime?
True
Is 4607779821 a composite number?
True
Is 14421272966 a prime number?
False
Is 603295499 a prime number?
False
Is 74223116059 prime?
False
Is 39057737 a composite number?
True
Is 192477941 a composite number?
True
Is 8134452397 a composite number?
False
Is 2310866533 a composite number?
False
Is 2715791777 a composite number?
False
Is 17236767829 a prime number?
False
Is 5943592799 a composite number?
True
Is 75595168657 prime?
True
Is 126613309 a prime number?
True
Is 29461552727 a composite number?
True
Is 234739831 a composite number?
True
Is 13153670437 a composite number?
False
Is 121466002169 a composite number?
False
Is 132759617 prime?
False
Is 1371078341 a composite number?
True
Is 1016433593 composite?
True
Is 2693167177 composite?
False
Is 482458547 composite?
False
Is 5857538887 a composite number?
True
Is 110270047 a composite number?
False
Is 64875410071 composite?
False
Is 12984097733 composite?
False
Is 36651594547 prime?
False
Is 720707147 a prime number?
False
Is 12845850103 a composite number?
False
Is 2807503 a prime number?
False
Is 3126679471 composite?
True
Is 811113139 composite?
True
Is 4237527029 a composite number?
False
Is 563847341 composite?
True
Is 9205455541 a composite number?
True
Is 19206207389 prime?
False
Is 18721979 a composite number?
False
Is 34279963999 prime?
False
Is 8761547 composite?
False
Is 22043146 a prime number?
False
Is 58811371 a prime number?
False
Is 4243445597 prime?
True
Is 1611610163 prime?
True
Is 210755837 composite?
True
Is 1968941741 prime?
False
Is 9945443719 composite?
False
Is 652501897 prime?
True
Is 247071809 composite?
True
Is 625247197 composite?
False
Is 38327111 composite?
False
Is 3522397765 a prime number?
False
Is 16936785623 composite?
False
Is 82983614011 composite?
True
Is 43465337897 a composite number?
True
Is 49128831889 composite?
False
Is 1105549553 prime?
False
Is 19396108001 prime?
True
Is 8354928614 a prime number?
False
Is 10751236609 composite?
True
Is 770321557 prime?
False
Is 226449599 prime?
True
Is 13945194401 a prime number?
False
Is 2006755753 composite?
False
Is 10253898559 prime?
False
Is 26171005103 a composite number?
True
Is 12120627037 a prime number?
False
Is 6051558961 composite?
True
Is 13372064831 prime?
True
Is 9392575069 composite?
False
Is 48849912721 composite?
True
Is 1806617573 a prime number?
True
Is 3788449373 a composite number?
True
Is 75811950841 composite?
True
Is 1595198491 prime?
False
Is 316623280397 prime?
True
Is 5516620901 prime?
False
Is 71075401 a prime number?
False
Is 1084247449 a prime number?
False
Is 21082505 prime?
False
Is 680116469 a composite number?
False
Is 3249535183 a composite number?
True
Is 425101661 prime?
True
Is 443958419 a prime number?
False
Is 1707884809 prime?
False
Is 7882969583 a prime number?
True
Is 3731776247 a prime number?
True
Is 81027333659 a composite number?
True
Is 2983211249 a composite number?
True
Is 19362254827 a prime number?
False
Is 398473373 a prime number?
True
Is 53366916989 composite?
False
Is 6843789913 a prime number?
True
Is 25313321431 a prime number?
False
Is 5223731759 a composite number?
True
Is 1425826553 a prime number?
True
Is 357192655 composite?
True
Is 1455964927 a prime number?
False
Is 25632429899 a prime number?
False
Is 18024528871 composite?
False
Is 17308656691 composite?
False
Is 5253357503 composite?
True
Is 72667819 composite?
True
Is 9158966855 a prime number?
False
Is 21896413421 composite?
True
Is 1503316741 a composite number?
False
Is 92559283 composite?
False
Is 9823906709 a prime number?
True
Is 30690083443 a composite number?
False
Is 304860403 prime?
True
Is 411674951 composite?
False
Is 433584611 a prime number?
False
Is 1967977139 prime?
False
Is 142411735289 composite?
False
Is 7711185757 a prime number?
False
Is 91323772201 prime?
False
Is 790001449 composite?
False
Is 44544192757 prime?
True
Is 210662834 a composite number?
True
Is 72112697 a prime number?
False
Is 10874693353 a prime number?
True
Is 13893590485 composite?
True
Is 702919121 composite?
False
Is 9994063099 prime?
False
Is 1963130627 prime?
False
Is 471909017 prime?
False
Is 1506397471 a composite num